t g(h) = -2*h**2 - 46*h + 184. Give g(-26).
28
Let x(h) = -10*h**2 + 85*h - 155. Determine x(6).
-5
Let z(m) = -m**3 + 26*m**2 + 611*m - 15780. Calculate z(24).
36
Let w(z) = -24*z - 116. Give w(-6).
28
Let w(x) = -x**2 - 85*x + 565. Determine w(-91).
19
Let s(b) = -b**3 + 295*b**2 - 629*b + 12602. Determine s(293).
3
Let j(o) = 17*o**2 + 9*o - 28. What is j(3)?
152
Let r(z) = z**2 - 29*z + 174. Give r(22).
20
Let c(a) = a**3 + 215*a**2 - 1800*a - 3570. Calculate c(-223).
-2
Let c(f) = f**2 - 23*f - 29. Give c(24).
-5
Let r(o) = 20*o + 115. Calculate r(-6).
-5
Let s(x) = 8*x - 217. What is s(23)?
-33
Let h(s) = -2*s**3 - 37*s**2 - 76*s + 45. Give h(-16).
-19
Let j(y) = -y**3 + 16*y**2 - 57*y - 2. Calculate j(9).
52
Let o(d) = 7*d**2 - 46*d - 83. Determine o(8).
-3
Let l(m) = 146*m + 1043. Determine l(-7).
21
Let u(q) = q**2 + 115*q - 4530. Determine u(31).
-4
Let p(h) = -21380*h + 277945. Determine p(13).
5
Let v(g) = -g**3 - 14*g**2 - 43*g - 29. Determine v(-4).
-17
Let i(u) = 39*u + 899. Calculate i(-25).
-76
Let o(f) = f**3 - 5*f**2 + 2*f - 4. Calculate o(0).
-4
Let c(i) = -89*i - 6531. Determine c(-73).
-34
Let h(u) = -355*u + 4273. Give h(12).
13
Let l(b) = 85*b + 789. Calculate l(-8).
109
Let d(g) = 7*g**2 + 135*g - 135. Determine d(-22).
283
Let v(s) = -2*s**3 + 41*s**2 - 31*s + 170. What is v(20)?
-50
Let k(j) = 90*j - 1087. Give k(10).
-187
Let c(x) = -36*x + 75. Give c(4).
-69
Let f(b) = 7*b**2 + 67*b - 19. Determine f(-9).
-55
Let l(k) = -73*k - 1798. Calculate l(-27).
173
Let h(i) = 4*i + 251. Calculate h(-61).
7
Let n(x) = 6*x**2 - 153*x + 475. Calculate n(22).
13
Let j(u) = -6*u**2 + 144*u + 73. Determine j(24).
73
Let w(i) = -34*i + 311. What is w(0)?
311
Let u(p) = -13*p - 336. Determine u(-40).
184
Let d(a) = 5*a**3 - 4*a**2 + 3. What is d(1)?
4
Let n(q) = -4*q**2 + 49*q - 130. Give n(4).
2
Let n(i) = 50*i + 540. What is n(-13)?
-110
Let s(l) = -8*l**2 + 57*l - 364. Give s(7).
-357
Let m(t) = -t**2 + 28*t + 91. Determine m(33).
-74
Let s(y) = -11*y**2 - 75*y - 8. Determine s(-6).
46
Let v(g) = -183*g - 2234. What is v(-12)?
-38
Let z(a) = 7*a**3 - 13*a**2 + 3*a + 8. What is z(4)?
260
Let f(o) = -9*o + 939. Determine f(103).
12
Let k(u) = -8*u**2 + 299*u - 113. Calculate k(37).
-2
Let g(b) = 62*b + 457. Calculate g(-9).
-101
Let u(p) = -p**3 - 5*p**2 - 9*p + 7. What is u(-7)?
168
Let n(a) = -a**3 - 71*a**2 - 1009*a + 189. Calculate n(-20).
-31
Let m(k) = 770*k**2 + 5391*k - 1. Determine m(-7).
-8
Let g(l) = -l**3 + 4*l**2 + 6*l + 2. What is g(7)?
-103
Let j(r) = 2*r + 325. What is j(55)?
435
Let a(c) = 2*c**2 - 148*c - 303. Determine a(76).
1
Let y(x) = -x**3 + 16*x**2 - 59*x - 37. What is y(8)?
3
Let t(s) = 417*s + 9104. What is t(-22)?
-70
Let u(t) = t**3 + 47*t**2 - 1802*t - 139. What is u(-72)?
5
Let l(z) = 2*z**2 - 32*z - 195. Give l(27).
399
Let g(s) = s**3 + 12*s**2 + 486*s + 4115. Calculate g(-9).
-16
Let q(r) = r**2 - 6*r - 113. Calculate q(11).
-58
Let i(q) = 174*q**2 + 8*q - 3. Calculate i(2).
709
Let l(t) = t**2 - 39*t - 940. Calculate l(56).
12
Let w(k) = k**2 - 75*k + 869. Determine w(15).
-31
Let u(f) = 8*f - 134. Calculate u(15).
-14
Let y(o) = -o**2 + 28*o - 196. Give y(16).
-4
Let p(o) = 3*o**2 + 114*o - 910. What is p(6)?
-118
Let j(y) = -66*y + 1285. Calculate j(21).
-101
Let w(g) = -4*g**2 - 668*g - 2665. Give w(-4).
-57
Let t(l) = 92*l + 859. Give t(-9).
31
Let b(u) = -u**3 - 59*u**2 + 52*u - 317. Calculate b(-60).
163
Let g(d) = -d**3 + 23*d**2 + 52*d - 226. What is g(-4)?
-2
Let w(n) = -47*n - 22. What is w(4)?
-210
Let f(w) = w**3 + 25*w**2 + 2*w + 3. What is f(-25)?
-47
Let z(w) = 11246*w + 67480. What is z(-6)?
4
Let p(h) = 4*h**3 + 88*h**2 - 6*h + 21. Determine p(-22).
153
Let y(v) = 32*v - 2791. Give y(87).
-7
Let w(f) = -f**3 + 20*f - 12. Determine w(4).
4
Let h(w) = -w**2 - 214*w - 2204. Determine h(-11).
29
Let r(u) = -4*u - 154. Calculate r(-39).
2
Let x(z) = -11*z**2 + 354*z + 84. Give x(34).
-596
Let p(f) = -15*f - 92. Give p(6).
-182
Let m(d) = -d**3 + 13*d**2 + 47*d + 159. Calculate m(-6).
561
Let f(j) = j**2 - 67*j + 845. Determine f(17).
-5
Let i(r) = -r**3 - 368*r**2 + 1489*r - 14. What is i(4)?
-10
Let g(d) = -d**3 - 5*d**2 + 68*d + 12. Determine g(6).
24
Let y(z) = -688*z - 62613. Determine y(-91).
-5
Let b(y) = 29*y + 14. Give b(-7).
-189
Let i(y) = y**3 - 8*y**2 + 11*y - 20. Give i(6).
-26
Let l(j) = j**2 + 56*j - 692. Calculate l(11).
45
Let l(p) = 168*p - 2355. Give l(14).
-3
Let c(x) = 66*x**3 - 2*x**2 + 8*x + 9. Give c(-1).
-67
Let i(a) = a**3 - 10*a**2 + 19*a + 21. What is i(8)?
45
Let a(b) = b**3 + 3*b**2 + 11*b + 35. What is a(-3)?
2
Let n(s) = -4*s**2 + 16*s. Determine n(3).
12
Let l(a) = -2*a**2 + 31*a + 285. Give l(18).
195
Let b(x) = -338*x + 1288. What is b(4)?
-64
Let d(c) = 32*c**2 + 510*c - 41. What is d(-16)?
-9
Let v(h) = -7*h**3 + 3*h**2 + 2*h + 16. Calculate v(-3).
226
Let x(o) = -o**3 + 13*o**2 + 21*o + 34. Calculate x(15).
-101
Let v(w) = 31*w**2 + 6013*w - 12031. Give v(2).
119
Let b(p) = 5*p**2 - 34*p + 60. Calculate b(4).
4
Let f(z) = 12*z - 27. Determine f(3).
9
Let f(i) = 17*i + 394. Calculate f(-27).
-65
Let h(b) = 515*b + 2579. Calculate h(-5).
4
Let t(h) = -h**3 + 129*h**2 - 381*h + 372. What is t(126)?
-6
Let w(y) = 4*y**2 - 408*y + 380. Give w(99).
-808
Let g(x) = -x**3 + 12*x**2 - 18*x + 19. Calculate g(11).
-58
Let h(r) = -6*r**2 + 46*r + 8. What is h(8)?
-8
Let c(i) = 22*i - 730. Give c(33).
-4
Let k(i) = 16*i - 177. Give k(6).
-81
Let a(v) = v**3 - 49*v**2 + 94*v + 5. Calculate a(47).
5
Let y(r) = r**2 - 50*r + 214. Give y(5).
-11
Let s(b) = 3*b**3 - 16*b**2 + 5*b + 7. Determine s(6).
109
Let t(b) = b**3 - 11*b**2 - 1456*b + 195. Determine t(44).
19
Let t(m) = 3*m**2 - 107*m - 423. What is t(-4)?
53
Let b(g) = -g**3 + 23*g**2 + 46. Determine b(23).
46
Let v(b) = 4*b**2 - 71*b - 253. Give v(21).
20
Let m(w) = 8*w**2 - 56*w + 6. Determine m(8).
70
Let q(k) = -3*k**2 - 620*k + 1247. What is q(2)?
-5
Let y(r) = r**3 - 4*r**2 - 9*r + 27. Give y(2).
1
Let b(l) = 117*l - 486. Calculate b(4).
-18
Let y(h) = 2*h**2 - 55*h - 664. Give y(-9).
-7
Let w(y) = 285*y + 558. Determine w(-4).
-582
Let o(k) = -2*k**2 - 55*k - 548. What is o(-11)?
-185
Let g(t) = t**3 - 8*t**2 - 28*t + 161. Determine g(9).
-10
Let r(h) = -h**3 - 4*h**2 + 44*h + 159. Calculate r(-6).
-33
Let y(z) = z**3 - z**2 - 6*z + 50. What is y(0)?
50
Let n(i) = 763*i - 3871. What is n(5)?
-56
Let z(t) = -32*t + 109. What is z(3)?
13
Let b(s) = -19*s**2 - 18*s + 60. What is b(5)?
-505
Let s(m) = -2*m**3 - 101*m**2 - 527*m + 41. Determine s(-6).
-1
Let n(q) = 575*q + 1736. Determine n(-3).
11
Let z(i) = i**3 - 58*i**2 + 5*i - 290. What is z(58)?
0
Let i(y) = -y**3 - 18*y**2 - 76*y + 45. Calculate i(-14).
325
Let k(u) = 6*u**2 + u - 10. Give k(4).
90
Let l(m) = -14*m**2 + 216*m + 97. Give l(16).
-31
Let x(s) = 11*s**2 - 45*s - 186. Determine x(-4).
170
Let t(q) = 28*q**2 - 1516*q + 162. Determine t(54).
-54
Let m(z) = -2*z**2 + 167*z + 689. What is m(-4)?
-11
Let b(n) = -3*n**3 + n**2 + 6*n - 6. Determine b(1).
-2
Let x(s) = 45*s**2 - 75*s + 75. Calculate x(1).
45
Let l(t) = -91*t - 460. Give l(-5).
-5
Let n(h) = 28*h - 368. Determine n(21).
220
Let w(b) = -b**3 + 22*b**2 + 6*b + 388. Give w(23).
-3
Let i(x) = -x**2 - 29*x - 14. Determine i(-25).
86
Let i(d) = 9*d**2 + 1327*d - 5287. Give i(4).
165
Let s(f) = 60*f + 1126. Give s(-19).
-14
Let s(d) = 2*d**2 - 208*d + 2973. Calculate s(17).
15
Let c(y) = -26*y + 222. Give c(8).
14
Let r(o) = 181*o - 17570. What is r(97)?
-13
Let c(l) = 6*l**2 + 45*l - 317. Determine c(-12).
7
Let u(h) = h**3 + 112*h**2 - 687*h - 123. Calculate u(6).
3
Let m(r) = -4*r**2 + 78*r + 59. Give m(20).
19
Let h(n) = 16*n + 560. Determine h(-34).
16
Let n(g) = -408*g - 1231. Give n(-3).
-7
Let o(l) = 2*l**3 + 3*l**2 - 22*l - 8. Give o(0).
-8
Let p(r) = r**2 + 31*r + 218. Determine p(-13).
-16
Let f(t) = -4*t**3 + 48*t**2 + 93*t - 1126. Determine f(12).
-10
Let h(d) = -32*d - 748. What is h(-24)?
20
Let q(f) = -243*f + 305. Give q(3).
-424
Let y(l) = l**3 - 21*l**2 - 20*l + 324. Calculate y(21).
-96
Let h(c) = 1628*c - 3300. What is h(2)?
-44
Let k(d) = -d**3 - 30*d**2 - 33*d - 124. Give k(-29).
-8
Let p(w) = -w**2 - 36*w - 6. Give p(0).
-6
Let v(n) = -32*n - 3844. Calculate 